{"id":531,"date":"2019-10-30T12:25:13","date_gmt":"2019-10-30T15:25:13","guid":{"rendered":"http:\/\/osniribeiro.com.br\/?page_id=531"},"modified":"2019-12-09T11:17:35","modified_gmt":"2019-12-09T14:17:35","slug":"memoria","status":"publish","type":"page","link":"https:\/\/osniribeiro.com.br\/?page_id=531","title":{"rendered":"Mem\u00f3ria"},"content":{"rendered":"\n<p>Aqui, em 23 de outubro de 2019, iniciamos uma s\u00e9rie, contando hist\u00f3rias que vivi ou conheci, sobre m\u00fasica, artistas, cultura, personalidades em Botucatu e ligados a minha trajet\u00f3ria de vida e arte.  Visite as se\u00e7\u00f5es divididas por temas para consulta desses materiais. Boas leituras!<\/p>\n","protected":false},"excerpt":{"rendered":"<p>Aqui, em 23 de outubro de 2019, iniciamos uma s\u00e9rie, contando hist\u00f3rias que vivi ou conheci, sobre m\u00fasica, artistas, cultura, personalidades em Botucatu e ligados a minha trajet\u00f3ria de vida e arte. Visite as se\u00e7\u00f5es divididas por temas para consulta desses materiais. Boas leituras!<\/p>\n","protected":false},"author":1,"featured_media":0,"parent":140,"menu_order":0,"comment_status":"closed","ping_status":"closed","template":"template\/template-page-full-width.php","meta":{"footnotes":""},"class_list":["post-531","page","type-page","status-publish","hentry"],"_links":{"self":[{"href":"https:\/\/osniribeiro.com.br\/index.php?rest_route=\/wp\/v2\/pages\/531","targetHints":{"allow":["GET"]}}],"collection":[{"href":"https:\/\/osniribeiro.com.br\/index.php?rest_route=\/wp\/v2\/pages"}],"about":[{"href":"https:\/\/osniribeiro.com.br\/index.php?rest_route=\/wp\/v2\/types\/page"}],"author":[{"embeddable":true,"href":"https:\/\/osniribeiro.com.br\/index.php?rest_route=\/wp\/v2\/users\/1"}],"replies":[{"embeddable":true,"href":"https:\/\/osniribeiro.com.br\/index.php?rest_route=%2Fwp%2Fv2%2Fcomments&post=531"}],"version-history":[{"count":8,"href":"https:\/\/osniribeiro.com.br\/index.php?rest_route=\/wp\/v2\/pages\/531\/revisions"}],"predecessor-version":[{"id":573,"href":"https:\/\/osniribeiro.com.br\/index.php?rest_route=\/wp\/v2\/pages\/531\/revisions\/573"}],"up":[{"embeddable":true,"href":"https:\/\/osniribeiro.com.br\/index.php?rest_route=\/wp\/v2\/pages\/140"}],"wp:attachment":[{"href":"https:\/\/osniribeiro.com.br\/index.php?rest_route=%2Fwp%2Fv2%2Fmedia&parent=531"}],"curies":[{"name":"wp","href":"https:\/\/api.w.org\/{rel}","templated":true}]}}

Memória

<p>Aqui, em 23 de outubro de 2019, iniciamos uma série, contando histórias que vivi ou conheci, sobre música, artistas, cultura, personalidades em Botucatu e ligados a minha trajetória de vida e arte.  Visite as seções divididas por temas para consulta desses materiais. Boas leituras!</p>

<p>Aqui, em 23 de outubro de 2019, iniciamos uma série, contando histórias que vivi ou conheci, sobre música, artistas, cultura, personalidades em Botucatu e ligados a minha trajetória de vida e arte. Visite as seções divididas por temas para consulta desses materiais. Boas leituras!</p>
